- 14*f + 61. Let a(o) = -11*t(o) - 4*z(o). Determine a(-14).
-27
Let f be 1*(-2)/9 + 1064/2736. Let y(x) be the third derivative of 0*x + 14*x**2 + 0 - 1/12*x**4 + f*x**3. Determine y(-6).
13
Let c = -16143 + 16130. Let p(k) = -k**2 - 10*k + 37. Calculate p(c).
-2
Let b be (-2)/3 + 1664/12. Let o be (-13)/((-182)/4) + b/7. Let y(g) = 5*g + g + 5 - 5*g - o. Calculate y(7).
-8
Let x(k) = k**2 + 63*k + 980. Let r be x(-28). Let n(m) be the third derivative of 0 + 0*m + 0*m**5 - 7/120*m**6 + r*m**4 + 1/6*m**3 + 27*m**2. Give n(1).
-6
Suppose 18*q = 17*q + 20. Let y(d) = -6*d. Let g(w) = -2*w. Let m(p) = q*g(p) - 6*y(p). Let j = -42 + 43. What is m(j)?
-4
Let l be (-36)/(-15)*(-120)/(-48) - 8. Let j(g) = 5*g**3 + 2*g**2 + g + 4. Give j(l).
-30
Suppose -581*i = -584*i - 75. Let g(t) = t**2 + 27*t + 31. Calculate g(i).
-19
Suppose -5*l - 5*q = -5, -3*q + 2*q = 3*l - 1. Let z(i) be the third derivative of 27*i**2 + 0*i + 0 - 1/24*i**4 - 1/6*i**3. What is z(l)?
-1
Let p = 7 + -3. Let s(q) be the first derivative of q**5/60 - q**4/12 - q**3/2 + 61*q**2 - 95. Let w(h) be the second derivative of s(h). Calculate w(p).
5
Let s(o) = o**2 + 18*o - 17. Let p be s(-19). Suppose 1 = 4*w - b, -w + p*b - 4 = 6*b. Let z(c) = c**3 + c - 10. Give z(w).
-10
Let o = 331 - 313. Let f be o/(4/16*8). Let r(q) = 3*q - 21. What is r(f)?
6
Let a(s) = -3*s - 16*s**2 + 0*s**2 + 8*s**2 + 5 + 7*s**2. Let x be 3 - (-27)/12 - 1/4. Let f(g) = g**2 - 13*g + 35. Let o be f(x). Give a(o).
-5
Let o(y) = 2*y - 1. Let a(j) = -13*j**2 + 3*j - 5. Let p be a(3). Let g = -112 - p. What is o(g)?
1
Let t(p) = -7 + 14*p - 34*p + 18*p. Let f be t(-4). Let c be (-16 - -11) + f + 2/(-2). Let g(r) = r**2 + 6*r + 3. What is g(c)?
-2
Let a(g) = g**2 - 7*g - 9. Let b be (9/6)/(-6*(-1)/20). Suppose 4*c - 52 = -3*i + 195, b*c - 280 = 2*i. Suppose -7*q - 9 = -c. Give a(q).
-9
Let r = 3 - 2. Let b be (-2)/(2/(4/r)). Let n(m) = -m + 1. Let o(h) = 7*h - 4. Let z(d) = 6*n(d) + o(d). What is z(b)?
-2
Suppose -6 = 2*i, -4*i + 5*i = 4*l - 51. Let f(q) = 2*q**2 - 2*q + l*q**2 - 12*q**2. Let a be f(2). Let n(m) = -m**2 - 2. What is n(a)?
-18
Let c(m) be the first derivative of m**3/3 - 2*m**2 + 11*m + 2155. What is c(9)?
56
Let m(a) = a**3 - 57*a**2 + 83*a**2 - 61*a**2 - 31 + 67*a**2 - 69*a + 9. Calculate m(-34).
12
Let l(x) = -17 + 97 + 9*x - 56 - 22 + 6*x**2 - x**3 - 14. What is l(7)?
2
Let i be -5*((-114)/15 + 8 - 1). Let m(y) be the third derivative of 1/3*y**3 + 0*y - 1/24*y**4 + i*y**2 + 0. Give m(6).
-4
Let j(o) = o**2 - 12*o + 32. Let n = -1123 - -1129. Calculate j(n).
-4
Let q(x) = 2*x + 6. Suppose -3*s = -1 - 5, -f = 3*s + 1. Let m = 19 - f. Let u = 21 - m. Give q(u).
-4
Let z(i) = 5*i**2 + 2. Let o be z(-2). Let k = -19 + o. Let w(q) be the second derivative of q**5/20 - q**4/4 + q**3/3 - 2*q**2 - 2*q + 96. Give w(k).
2
Let x = -16 - -21. Suppose -4*j = x*f - 22, 6*f - 10*f - 2*j + 14 = 0. Let c(k) = 5 - 799*k + k**2 + 0*k**f + 792*k. Give c(5).
-5
Let l(y) = -y**2 + 40*y - 93. Let m(j) = 5*j**2 - 203*j + 463. Let i(x) = -11*l(x) - 2*m(x). What is i(31)?
4
Let j(p) = 17*p + 48. Let o(a) = -120*a - 352. Let k(s) = 44*j(s) + 6*o(s). Determine k(2).
56
Suppose -5*a = -5*i - 37 + 62, a = 5*i - 1. Let q = 11 - 5. Let x(y) = q*y + 4*y + y. What is x(i)?
-11
Let c(m) = m - 10. Let q be c(19). Let r(o) be the second derivative of o**5/20 - 2*o**4/3 - 5*o**3/3 + 3*o**2/2 + 5093*o. Give r(q).
-6
Suppose -3*l + 40 = 4*o, 14*l - 15*l - 4*o - 8 = 0. Let b(z) = 2*z**2 - 47*z - 31. What is b(l)?
-7
Let t(p) = 0*p + 3 + 2*p - 3*p - p**2 + 4*p. Let m(u) = -u + 1. Let v be m(-4). Suppose 0 - 3 = j, 0 = 2*l - v*j - 11. Determine t(l).
-7
Let l(s) = 2*s + 1. Let j be 4 - ((6 - 4) + -2). Let i be (-16)/8 + 1*j. Let b be 1/i*(7 + -1). Calculate l(b).
7
Let w(a) = -a**2 + 8*a - 23. Suppose 220 = r + 2*d + 204, -2*r = -3*d + 10. Determine w(r).
-7
Let u = -4202 + 4221. Let s(k) = k**2 - 17*k - 19. Give s(u).
19
Suppose 15*d + 3808 - 3943 = 0. Let f(g) = g**2 - 4*g + 9. Give f(d).
54
Let m(o) = 23*o - 17*o - 7422*o**2 + 7423*o**2 - 14. Let a = 18 - 29. Determine m(a).
41
Let k(f) be the first derivative of f**4 + 0*f - 2/3*f**3 - 3 - 1/2*f**2. Let l(z) = 6*z**2 + 28*z - 49. Let h be l(-6). Determine k(h).
-5
Let n(r) = -r**3 + 10*r**2 + 5*r - 41. Let p be n(10). Suppose p*f - 42 = -15. Let c(b) be the first derivative of 2*b**3/3 - b**2 - 3*b + 1. What is c(f)?
9
Let j be 1/(-1) - ((-236)/32 + 12/32). Let r(f) = 17*f - 20. Give r(j).
82
Let k(p) = 2*p - 4. Let q be k(4). Let x(l) = 7*l**3 + 2*l**2 + 25*l - 20. Let m(h) = -8*h**3 - 3*h**2 - 30*h + 23. Let u(r) = 6*m(r) + 7*x(r). What is u(q)?
-22
Let c(w) = -w**3 + 13*w**2 - 11*w + 12. Let a(m) = m**3 - 39*m**2 - 127*m + 54. Let d be a(42). Calculate c(d).
24
Let g(q) = -q**3 - 6*q**2 - 6*q - 6. Let t(b) = b**2 + 16*b + 34. Let r be t(-14). Suppose -r*s - 3 = 21. Let c be 1/(-3)*(1 - (-18 - s)). Calculate g(c).
-1
Suppose 2*c + 3*c - 6*c = 0. Suppose c = -0*k + 3*k - d - 47, -5*d = -5*k + 85. Suppose -7*u = -2*u - k. Let q(m) = m**3 - 3*m - 4. What is q(u)?
14
Suppose -10 = -5*h, -5*h - 677 = u - 683. Let a(j) = -j**3 + 7*j**2 + 5. Let o be a(7). Let v(k) = k - k**3 - 2 - 198*k**2 + 195*k**2 + o. Give v(u).
15
Let u(o) = o**2 - 7*o + 10. Let d be u(5). Suppose -2*p + 0*p = d. Suppose y + 2*h = -p*h + 10, 2*h = -4*y + 22. Let k(f) = -3*f - 2. Determine k(y).
-14
Let r(b) = b**2 + b - 1. Let k(s) = 10*s**2 - 10*s + 26. Let x(u) = -4*u**2 + 3*u - 9. Let n(t) = 3*k(t) + 8*x(t). Let p(z) = n(z) + 4*r(z). Give p(2).
6
Suppose -j + 223 = 218. Let m(o) = 6 + 3*o**2 - o**2 - j*o - 5*o - 3*o**2. Calculate m(-12).
-18
Let r(b) = -b**3 + 7*b**2 - 7*b - 2. Suppose -28 = -14*o + 42. Suppose 4*q - 28 = -3*c + 2, -27 = -o*c + q. What is r(c)?
-8
Let z(b) be the third derivative of -b**4/24 - 5*b**3/3 - 801*b**2 + 1. Calculate z(-9).
-1
Let t(b) = -b**2 - 1. Let s(i) = -5*i**2 + 15*i + 6. Let p(x) = s(x) - 6*t(x). Suppose -107*u - 131*u - 2017 = 1553. Determine p(u).
12
Let m(f) = -5*f**2 + 3*f - 3*f**2 + 2*f**2 + 10*f**2 - 5 + 7. Give m(4).
78
Let g(k) = -2*k**2 + 6*k + 13. Let c = 729 - 722. What is g(c)?
-43
Let l(w) = -9*w**2 + w - 1. Let v be l(1). Let i = v - -9. Let j(g) = -68*g + 30 - 70 + 22 + 24 + 69*g. Give j(i).
6
Let u(q) = 400*q + 36. Let d(z) = 43*z + 4. Let i(v) = 28*d(v) - 3*u(v). What is i(-5)?
-16
Let l(x) = 14*x - 61. Let d(y) = -39*y + 178. Let m(r) = -4*d(r) - 11*l(r). Calculate m(20).
-1
Suppose 23*k - 234 = 25*k. Let x = k + 126. Let y(o) = 1. Let d(c) = -2*c + 7. Let f(t) = -d(t) - 5*y(t). Determine f(x).
6
Let x(w) = -10*w - 1. Let n(b) = 21*b - 44. Let h(d) = 2*n(d) + 4*x(d). What is h(30)?
-32
Let u(i) = 14*i**2 - 19*i + 12. Let w(j) = -6*j**2 + 9*j - 6. Let h(v) = 2*u(v) + 5*w(v). What is h(1)?
-1
Let n = -115 - -119. Let o(x) be the third derivative of x**6/120 - x**5/20 - x**4/4 + x**3 + 3*x**2 - 4*x. What is o(n)?
-2
Suppose 6 - 14 = -3*f + 2*b, 2*f + 3*b - 14 = 0. Suppose -f*v = -2*v - 4. Let o(t) = t**v - 3*t + 23 + 0*t**2 - 3*t**2 - 18. Give o(-4).
-15
Suppose 526 = -277*z + 337 - 919. Let k(y) = -y**3 - 5*y**2 - 4*y - 13. Determine k(z).
-13
Let g = -15984 + 16015. Let d(l) = l**2 - 24*l - 206. What is d(g)?
11
Let s(g) be the first derivative of -g**2 - 95 - g - 2/3*g**3 + 1/4*g**4. Suppose 5*t + r + 3*r = -2, 3*t + 5*r = 4. Determine s(t).
-13
Let g(a) = -16*a + 68. Let f(n) = 76*n - 338. Let v(m) = 3*f(m) + 14*g(m). Determine v(15).
-2
Let v(z) = -z - 9. Let a(c) = c**3 + 12*c**2 - 2*c - 24. Let o be 4*(-51)/18 - 2/3. Let f be a(o). Calculate v(f).
-9
Let l(x) be the third derivative of x**8/10080 + x**7/1260 + 3*x**5/4 - x**4/12 - 2*x**2 - 18. Let t(q) be the third derivative of l(q). Determine t(-3).
6
Let r = 35439 + -35426. Let t(n) = n**2 - 16*n - 10. What is t(r)?
-49
Let b be ((-108)/(-22) - 5) + (-1173)/(-6732). Let k(i) be the third derivative of 0*i + 0 - 1/6*i**3 - b*i**4 + 18*i**2. Give k(1).
-3
Let g = -6 - -2. Let t be (-2 + 2)/(3/g*4). Let q(o) be the second derivative of -o**3/6 + o**2 - o. Give q(t).
2
Let w(r) = 1957316 + 2*r - 13*r - 1957294. What is w(3)?
-11
Let c(r) = 3*r + 5. Suppose 5*o = -2*s + 353, -4*o - 2*s + 51 + 233 = 0. Let z = o - 126. Let u = z - -51. Calculate c(u).
-13
Let g(i) = 2*i - 2. Let t be g(2). Suppose 2*y 